02?
2, 401
What are the prime factors of 2736?
2, 3, 19
List the prime factors of 4927.
13, 379
List the prime factors of 101017.
7, 14431
List the prime factors of 873.
3, 97
List the prime factors of 2009.
7, 41
What are the prime factors of 19475?
5, 19, 41
List the prime factors of 193.
193
What are the prime factors of 3444?
2, 3, 7, 41
What are the prime factors of 677?
677
List the prime factors of 1153.
1153
List the prime factors of 456.
2, 3, 19
What are the prime factors of 26207?
73, 359
List the prime factors of 8026.
2, 4013
List the prime factors of 753.
3, 251
List the prime factors of 17434.
2, 23, 379
What are the prime factors of 3157?
7, 11, 41
What are the prime factors of 4393?
23, 191
List the prime factors of 995.
5, 199
What are the prime factors of 6993?
3, 7, 37
List the prime factors of 19385.
5, 3877
What are the prime factors of 1174?
2, 587
List the prime factors of 21367.
23, 929
List the prime factors of 2480.
2, 5, 31
What are the prime factors of 2428?
2, 607
What are the prime factors of 7108?
2, 1777
List the prime factors of 33541.
17, 1973
List the prime factors of 34786.
2, 17393
List the prime factors of 331.
331
List the prime factors of 69673.
19, 193
What are the prime factors of 29038?
2, 14519
List the prime factors of 342.
2, 3, 19
List the prime factors of 11256.
2, 3, 7, 67
List the prime factors of 13972.
2, 7, 499
List the prime factors of 9008.
2, 563
What are the prime factors of 2538?
2, 3, 47
What are the prime factors of 47236?
2, 7, 241
List the prime factors of 5151.
3, 17, 101
What are the prime factors of 24303?
3, 8101
List the prime factors of 69.
3, 23
What are the prime factors of 5599?
11, 509
List the prime factors of 6519.
3, 41, 53
List the prime factors of 864.
2, 3
What are the prime factors of 50121?
3, 5569
What are the prime factors of 10420?
2, 5, 521
What are the prime factors of 3911?
3911
List the prime factors of 3676.
2, 919
What are the prime factors of 5184?
2, 3
List the prime factors of 63903.
3, 7, 17, 179
What are the prime factors of 17759?
7, 43, 59
List the prime factors of 405.
3, 5
List the prime factors of 159682.
2, 79841
What are the prime factors of 129687?
3, 139, 311
List the prime factors of 1034.
2, 11, 47
What are the prime factors of 3292?
2, 823
List the prime factors of 371.
7, 53
What are the prime factors of 87102?
2, 3, 1613
List the prime factors of 12301.
12301
What are the prime factors of 24360?
2, 3, 5, 7, 29
What are the prime factors of 1701?
3, 7
What are the prime factors of 958?
2, 479
What are the prime factors of 138499?
17, 8147
List the prime factors of 2380.
2, 5, 7, 17
What are the prime factors of 971?
971
List the prime factors of 3969.
3, 7
List the prime factors of 161.
7, 23
List the prime factors of 67712.
2, 23
List the prime factors of 2105.
5, 421
List the prime factors of 32396.
2, 7, 13, 89
List the prime factors of 9951.
3, 31, 107
List the prime factors of 7391.
19, 389
What are the prime factors of 8914?
2, 4457
List the prime factors of 943.
23, 41
List the prime factors of 22988.
2, 7, 821
What are the prime factors of 3129?
3, 7, 149
What are the prime factors of 4805?
5, 31
List the prime factors of 1582.
2, 7, 113
List the prime factors of 7924.
2, 7, 283
List the prime factors of 405.
3, 5
List the prime factors of 1071.
3, 7, 17
List the prime factors of 11692.
2, 37, 79
List the prime factors of 2721.
3, 907
List the prime factors of 11499.
3, 3833
What are the prime factors of 1314?
2, 3, 73
List the prime factors of 61.
61
List the prime factors of 2063.
2063
List the prime factors of 18832.
2, 11, 107
List the prime factors of 541.
541
What are the prime factors of 325?
5, 13
What are the prime factors of 2319?
3, 773
List the prime factors of 254.
2, 127
What are the prime factors of 28087?
28087
List the prime factors of 499.
499
List the prime factors of 1600.
2, 5
What are the prime factors of 2982?
2, 3, 7, 71
List the prime factors of 955.
5, 191
What are the prime factors of 29198?
2, 13, 1123
What are the prime factors of 5222?
2, 7, 373
List the prime factors of 62103.
3, 127, 163
List the prime factors of 18192.
2, 3, 379
List the prime factors of 36315.
3, 5, 269
What are the prime factors of 14179?
11, 1289
What are the prime factors of 632?
2, 79
List the prime factors of 74.
2, 37
List the prime factors of 737.
11, 67
What are the prime factors of 3348?
2, 3, 31
What are the prime factors of 23217?
3, 71, 109
What are the prime factors of 1016?
2, 127
List the prime factors of 2573.
31, 83
List the prime factors of 119725.
5, 4789
What are the prime factors of 30585?
3, 5, 2039
List the prime factors of 56504.
2, 7, 1009
List the prime factors of 6594.
2, 3, 7, 157
List the prime factors of 31773.
3, 7, 17, 89
List the prime factors of 15478.
2, 71, 109
List the prime factors of 5732.
2, 1433
List the prime factors of 31033.
31033
What are the prime factors of 154168?
2, 7, 2753
What are the prime factors of 1701?
3, 7
What are the prime factors of 11026?
2, 37, 149
List the prime factors of 6271.
6271
List the prime factors of 4264.
2, 13, 41
List the prime factors of 76054.
2, 11, 3457
List the prime factors of 12437.
12437
What are the prime factors of 1352?
2, 13
What are the prime factors of 111581?
111581
What are the prime factors of 39673?
97, 409
List the prime factors of 438.
2, 3, 73
What are the prime factors of 72237?
3, 11, 199
What are the prime factors of 13596?
2, 3, 11, 103
List the prime factors of 40318.
2, 19, 1061
What are the prime factors of 26708?
2, 11, 607
What are the prime factors of 970?
2, 5, 97
List the prime factors of 87224.
2, 10903
What are the prime factors of 2935?
5, 587
What are the prime factors of 15941?
19, 839
What are the prime factors of 5656?
2, 7, 101
What are the prime factors of 1667?
1667
List the prime factors of 10494.
2, 3, 11, 53
List the prime factors of 8562.
2, 3, 1427
List the prime factors of 844.
2, 211
What are the prime factors of 575?
5, 23
List the prime factors of 37938.
2, 3, 6323
List the prime factors of 2597.
7, 53
What are the prime factors of 461?
461
List the prime factors of 29965.
5, 13, 461
List the prime factors of 54291.
3, 18097
What are the prime factors of 1524?
2, 3, 127
What are the prime factors of 312?
2, 3, 13
What are the prime factors of 5796?
2, 3, 7, 23
What are the prime factors of 2620?
2, 5, 131
List the prime factors of 30.
2, 3, 5
What are the prime factors of 12856?
2, 1607
List the prime factors of 314.
2, 157
List the prime factors of 400.
2, 5
What are the prime factors of 96912?
2, 3, 673
List the prime factors of 259.
7, 37
What are the prime factors of 104388?
2, 3, 8699
What are the prime factors of 19187?
7, 2741
What are the prime factors of 1181?
1181
What are the prime factors of 216?
2, 3
What are the prime factors of 4325?
5, 173
List the prime factors of 8668.
2, 11, 197
List the prime factors of 3215.
5, 643
What are the prime factors of 3532?
2, 883
What are the prime factors of 32614?
2, 23, 709
What are the prime factors of 1442?
2, 7, 103
List the prime factors of 43378.
2, 23, 41
What are the prime factors of 47461?
31, 1531
What are the prime factors of 1412?
2, 353
What are the prime factors of 1118?
2, 13, 43
List the prime factors of 858.
2, 3, 11, 13
List the prime factors of 19231.
19231
List the prime factors of 43711.
43711
List the prime factors of 15497.
15497
List the prime factors of 5259.
3, 1753
What are the prime factors of 1681?
41
What are the prime factors of 24572?
2, 6143
What are the prime factors of 12245?
5, 31, 79
What are the prime factors of 4342?
2, 13, 167
What are the prime factors of 489?
3, 163
What are the prime factors of 36003?
3, 11, 1091
List the prime factors of 28078.
2, 101, 139
What are the prime factors of 344?
2, 43
List the prime factors of 33942.
2, 3, 5657
List the prime factors of 4853.
23, 211
What are the prime factors of 625?
5
What are the prime factors of 4019?
4019
What are the prime factors of 2303?
7, 47
List the prime factors of 2652.
2, 3, 13, 17
What are the prime factors of 23593?
23593
List the prime factors of 65934.
2, 3, 11, 37
What are the prime factors of 73292?
2, 73, 251
What are the prime factors of 52